{"id":1098,"date":"2012-12-20T11:13:07","date_gmt":"2012-12-20T09:13:07","guid":{"rendered":"http:\/\/zupnija-radece.rkc.si\/?page_id=1098"},"modified":"2025-06-30T13:54:06","modified_gmt":"2025-06-30T11:54:06","slug":"pevski-zbor","status":"publish","type":"page","link":"http:\/\/zupnija-radece.rkc.si\/?page_id=1098","title":{"rendered":"Pevski zbor"},"content":{"rendered":"\n<p><strong>\u017dUPNIJSKI PEVSKI ZBOR<\/strong><\/p>\n\n\n\n<p><strong>Kdo smo?<\/strong><\/p>\n\n\n\n<p>\u017dupnijski pevski zbor je skupina predanih ljudi, ki s svojim petjem bogati liturgi\u010dno \u017eivljenje na\u0161e \u017eupnije. Nismo profesionalni glasbeniki, temve\u010d prostovoljci razli\u010dnih starosti, ki nas povezuje vera, ljubezen do glasbe in \u017eelja po soustvarjanju duhovnega vzdu\u0161ja pri bogoslu\u017eju. V zadnjih nekaj letih smo se razveselili vklju\u010ditve nekaj mlaj\u0161ih \u010dlanic. Petje, ki je obi\u010dajno pospremljeno z orglami, ob\u010dasno popestrimo npr. s kitaro, flavto ali tolkali.&nbsp;<\/p>\n\n\n\n<p><strong>Zakaj pojemo?<\/strong><\/p>\n\n\n\n<p>Petje je molitev, ki sega globlje od besed. Zborovska glasba ni le estetska spremljava svete ma\u0161e, ampak na\u010din, kako se kot skupnost obra\u010damo k Bogu. Zbor redno sodeluje pri nedeljskih svetih ma\u0161ah, \u0161e posebej pa pri ve\u010djih \u017eupnijskih slovesnostih, npr. na bo\u017ei\u010d, veliko no\u010d, prvo sveto obhajilo, sveto birmo, &nbsp;\u017eegnanjsko nedeljo in podobno.<\/p>\n\n\n\n<p><strong>Kdaj in kje vadimo?<\/strong><\/p>\n\n\n\n<p>Na vajah se obi\u010dajno sre\u010dujemo enkrat tedensko, ob nedeljah, ob 9. uri &#8211; to je eno uro pred drugo nedeljsko sveto ma\u0161o, v prostorih Doma svetega Petra. Vaje potekajo v spro\u0161\u010denem, a zavzetem vzdu\u0161ju.<\/p>\n\n\n\n<p><strong>Kako se lahko pridru\u017eim?<\/strong><\/p>\n\n\n\n<p>\u010ce \u010duti\u0161, da te nagovarja skupno petje in bi \u017eelel\/a postati del na\u0161e pevske dru\u017eine, se nam lahko pridru\u017ei\u0161 kadarkoli. Najbolje, da nas obi\u0161\u010de\u0161 na vaji ali stopi\u0161 v stik z na\u0161ima voditeljema, Andrejem Lamov\u0161kom ali Brigito Mlakar. Starost in predznanje ni pomembno, &nbsp;niti ni treba poznati not \u2013 dovolj je nekaj posluha, odprtost in pripravljenost sodelovati. Vsak glas \u0161teje in vsak je dobrodo\u0161el.<\/p>\n\n\n\n<p>Z veseljem te povabimo medse!<\/p>\n\n\n\n<p>Za zbor zapisala: Mateja Kova\u010d<\/p>\n\n\n\n<p>Junij 2025<\/p>\n","protected":false},"excerpt":{"rendered":"<p>\u017dUPNIJSKI PEVSKI ZBOR Kdo smo? \u017dupnijski pevski zbor je skupina predanih ljudi, ki s svojim petjem bogati liturgi\u010dno \u017eivljenje na\u0161e \u017eupnije. Nismo profesionalni glasbeniki, temve\u010d prostovoljci razli\u010dnih starosti, ki nas povezuje vera, ljubezen do glasbe in \u017eelja po soustvarjanju duhovnega vzdu\u0161ja pri bogoslu\u017eju. V zadnjih nekaj letih smo se razveselili vklju\u010ditve nekaj mlaj\u0161ih \u010dlanic. Petje, &hellip; <\/p>\n<p class=\"read-more\"><a class=\"btn btn-default\" href=\"http:\/\/zupnija-radece.rkc.si\/?page_id=1098\"> Read More<span class=\"screen-reader-text\">  Read More<\/span><\/a><\/p>\n","protected":false},"author":4,"featured_media":0,"parent":0,"menu_order":3,"comment_status":"closed","ping_status":"closed","template":"","meta":[],"_links":{"self":[{"href":"http:\/\/zupnija-radece.rkc.si\/index.php?rest_route=\/wp\/v2\/pages\/1098"}],"collection":[{"href":"http:\/\/zupnija-radece.rkc.si\/index.php?rest_route=\/wp\/v2\/pages"}],"about":[{"href":"http:\/\/zupnija-radece.rkc.si\/index.php?rest_route=\/wp\/v2\/types\/page"}],"author":[{"embeddable":true,"href":"http:\/\/zupnija-radece.rkc.si\/index.php?rest_route=\/wp\/v2\/users\/4"}],"replies":[{"embeddable":true,"href":"http:\/\/zupnija-radece.rkc.si\/index.php?rest_route=%2Fwp%2Fv2%2Fcomments&post=1098"}],"version-history":[{"count":26,"href":"http:\/\/zupnija-radece.rkc.si\/index.php?rest_route=\/wp\/v2\/pages\/1098\/revisions"}],"predecessor-version":[{"id":8743,"href":"http:\/\/zupnija-radece.rkc.si\/index.php?rest_route=\/wp\/v2\/pages\/1098\/revisions\/8743"}],"wp:attachment":[{"href":"http:\/\/zupnija-radece.rkc.si\/index.php?rest_route=%2Fwp%2Fv2%2Fmedia&parent=1098"}],"curies":[{"name":"wp","href":"https:\/\/api.w.org\/{rel}","templated":true}]}}