{"id":73,"date":"2010-05-09T08:39:51","date_gmt":"2010-05-09T08:39:51","guid":{"rendered":"http:\/\/my.elitesystem.net\/web\/?page_id=73"},"modified":"2019-07-01T22:06:13","modified_gmt":"2019-07-01T20:06:13","slug":"podruznice","status":"publish","type":"page","link":"https:\/\/zupnija-radece.rkc.si\/?page_id=73","title":{"rendered":"Podru\u017enice"},"content":{"rendered":"<p style=\"text-align: left;\"><strong>Podru\u017enice:<\/strong><\/p>\n<ol style=\"text-align: center;\" type=\"1\">\n<li style=\"text-align: left;\">sv. Katarine na Jelovem<\/li>\n<li style=\"text-align: left;\">sv. Martina na Vrhovem<\/li>\n<li style=\"text-align: left;\">sv. Miklav\u017ea na Mo\u010dilnem<\/li>\n<li style=\"text-align: left;\">sv. Miklav\u017ea na Savi<\/li>\n<li style=\"text-align: left;\">sv. Treh kraljev na Brunku<\/li>\n<li style=\"text-align: left;\">\u017dalostne Matere Bo\u017eje na \u017debniku<\/li>\n<\/ol>\n<p>&nbsp;<\/p>\n<figure id=\"attachment_4852\" aria-describedby=\"caption-attachment-4852\" style=\"width: 225px\" class=\"wp-caption aligncenter\"><a href=\"http:\/\/zupnija-radece.rkc.si\/wp-content\/uploads\/Jelovo.jpg\"><img decoding=\"async\" loading=\"lazy\" class=\"wp-image-4852 size-medium\" src=\"http:\/\/zupnija-radece.rkc.si\/wp-content\/uploads\/Jelovo-225x300.jpg\" alt=\"\" width=\"225\" height=\"300\" srcset=\"https:\/\/zupnija-radece.rkc.si\/wp-content\/uploads\/Jelovo-225x300.jpg 225w, https:\/\/zupnija-radece.rkc.si\/wp-content\/uploads\/Jelovo-768x1024.jpg 768w, https:\/\/zupnija-radece.rkc.si\/wp-content\/uploads\/Jelovo-203x270.jpg 203w\" sizes=\"(max-width: 225px) 100vw, 225px\" \/><\/a><figcaption id=\"caption-attachment-4852\" class=\"wp-caption-text\">Podru\u017eni\u010dna cerkev sv. Katarine na Jelovem<\/figcaption><\/figure>\n<figure style=\"width: 297px\" class=\"wp-caption aligncenter\"><img decoding=\"async\" loading=\"lazy\" class=\" \" title=\"sv. Martin\" src=\"http:\/\/www.druzina.si\/icd\/spletnastran.nsf\/637e22b03329649bc1256eb7004f42e3\/89894694fca3d559c12572030034f93a\/Vsebina\/13.2CA2?OpenElement&amp;FieldElemFormat=jpg\" alt=\"Podru\u017eni\u010dna cerkev sv. Martina, \u0161kofa, na Vrhovem\" width=\"297\" height=\"447\" \/><figcaption class=\"wp-caption-text\">Podru\u017eni\u010dna cerkev sv. Martina na Vrhovem<\/figcaption><\/figure>\n<figure id=\"attachment_650\" aria-describedby=\"caption-attachment-650\" style=\"width: 614px\" class=\"wp-caption aligncenter\"><a href=\"http:\/\/zupnija-radece.rkc.si\/wp-content\/uploads\/IMG_3606.JPG\"><img decoding=\"async\" loading=\"lazy\" class=\"size-large wp-image-650 \" title=\"Podru\u017eni\u010dna cerkev sv. Miklav\u017ea na Mo\u010dilnem\" src=\"http:\/\/zupnija-radece.rkc.si\/wp-content\/uploads\/IMG_3606-1024x768.jpg\" alt=\"Podru\u017eni\u010dna cerkev sv. Miklav\u017ea na Mo\u010dilnem\" width=\"614\" height=\"461\" srcset=\"https:\/\/zupnija-radece.rkc.si\/wp-content\/uploads\/IMG_3606-1024x768.jpg 1024w, https:\/\/zupnija-radece.rkc.si\/wp-content\/uploads\/IMG_3606-300x225.jpg 300w\" sizes=\"(max-width: 614px) 100vw, 614px\" \/><\/a><figcaption id=\"caption-attachment-650\" class=\"wp-caption-text\">Podru\u017eni\u010dna cerkev sv. Miklav\u017ea na Mo\u010dilnem<\/figcaption><\/figure>\n<figure id=\"attachment_4853\" aria-describedby=\"caption-attachment-4853\" style=\"width: 180px\" class=\"wp-caption aligncenter\"><a href=\"http:\/\/zupnija-radece.rkc.si\/wp-content\/uploads\/Podru\u017eni\u010dna-cerkev-sv.-Miklav\u017ea-na-Savi-1.jpg\"><img decoding=\"async\" loading=\"lazy\" class=\"wp-image-4853 size-medium\" src=\"http:\/\/zupnija-radece.rkc.si\/wp-content\/uploads\/Podru\u017eni\u010dna-cerkev-sv.-Miklav\u017ea-na-Savi-1-180x300.jpg\" alt=\"\" width=\"180\" height=\"300\" srcset=\"https:\/\/zupnija-radece.rkc.si\/wp-content\/uploads\/Podru\u017eni\u010dna-cerkev-sv.-Miklav\u017ea-na-Savi-1-180x300.jpg 180w, https:\/\/zupnija-radece.rkc.si\/wp-content\/uploads\/Podru\u017eni\u010dna-cerkev-sv.-Miklav\u017ea-na-Savi-1-768x1280.jpg 768w, https:\/\/zupnija-radece.rkc.si\/wp-content\/uploads\/Podru\u017eni\u010dna-cerkev-sv.-Miklav\u017ea-na-Savi-1-614x1024.jpg 614w, https:\/\/zupnija-radece.rkc.si\/wp-content\/uploads\/Podru\u017eni\u010dna-cerkev-sv.-Miklav\u017ea-na-Savi-1-162x270.jpg 162w\" sizes=\"(max-width: 180px) 100vw, 180px\" \/><\/a><figcaption id=\"caption-attachment-4853\" class=\"wp-caption-text\">Podru\u017eni\u010dna cerkev sv. Miklav\u017ea na Savi<\/figcaption><\/figure>\n<figure id=\"attachment_4851\" aria-describedby=\"caption-attachment-4851\" style=\"width: 225px\" class=\"wp-caption aligncenter\"><a href=\"http:\/\/zupnija-radece.rkc.si\/wp-content\/uploads\/Brunk.jpg\"><img decoding=\"async\" loading=\"lazy\" class=\"wp-image-4851 size-medium\" src=\"http:\/\/zupnija-radece.rkc.si\/wp-content\/uploads\/Brunk-225x300.jpg\" alt=\"\" width=\"225\" height=\"300\" srcset=\"https:\/\/zupnija-radece.rkc.si\/wp-content\/uploads\/Brunk-225x300.jpg 225w, https:\/\/zupnija-radece.rkc.si\/wp-content\/uploads\/Brunk-768x1024.jpg 768w, https:\/\/zupnija-radece.rkc.si\/wp-content\/uploads\/Brunk-203x270.jpg 203w\" sizes=\"(max-width: 225px) 100vw, 225px\" \/><\/a><figcaption id=\"caption-attachment-4851\" class=\"wp-caption-text\">Podru\u017eni\u010dna cerkev sv. Treh kraljev na Brunku<\/figcaption><\/figure>\n<figure id=\"attachment_77\" aria-describedby=\"caption-attachment-77\" style=\"width: 447px\" class=\"wp-caption aligncenter\"><a href=\"http:\/\/zupnija-radece.rkc.si\/wp-content\/uploads\/Zebnik.jpg\"><img decoding=\"async\" loading=\"lazy\" class=\"size-full wp-image-77\" title=\"Zebnik\" src=\"http:\/\/zupnija-radece.rkc.si\/wp-content\/uploads\/Zebnik.jpg\" alt=\"Podru\u017eni\u010dna cerkev \u017dalostne Matere Bo\u017eje na \u017debniku\" width=\"447\" height=\"297\" srcset=\"https:\/\/zupnija-radece.rkc.si\/wp-content\/uploads\/Zebnik.jpg 447w, https:\/\/zupnija-radece.rkc.si\/wp-content\/uploads\/Zebnik-300x199.jpg 300w\" sizes=\"(max-width: 447px) 100vw, 447px\" \/><\/a><figcaption id=\"caption-attachment-77\" class=\"wp-caption-text\">Podru\u017eni\u010dna cerkev \u017dalostne Matere Bo\u017eje na \u017debniku<\/figcaption><\/figure>\n","protected":false},"excerpt":{"rendered":"<p>Podru\u017enice: sv. Katarine na Jelovem sv. Martina na Vrhovem sv. Miklav\u017ea na Mo\u010dilnem sv. Miklav\u017ea na Savi sv. Treh kraljev na Brunku \u017dalostne Matere Bo\u017eje na \u017debniku &nbsp;<\/p>\n","protected":false},"author":1,"featured_media":0,"parent":0,"menu_order":8,"comment_status":"closed","ping_status":"closed","template":"","meta":[],"_links":{"self":[{"href":"https:\/\/zupnija-radece.rkc.si\/index.php?rest_route=\/wp\/v2\/pages\/73"}],"collection":[{"href":"https:\/\/zupnija-radece.rkc.si\/index.php?rest_route=\/wp\/v2\/pages"}],"about":[{"href":"https:\/\/zupnija-radece.rkc.si\/index.php?rest_route=\/wp\/v2\/types\/page"}],"author":[{"embeddable":true,"href":"https:\/\/zupnija-radece.rkc.si\/index.php?rest_route=\/wp\/v2\/users\/1"}],"replies":[{"embeddable":true,"href":"https:\/\/zupnija-radece.rkc.si\/index.php?rest_route=%2Fwp%2Fv2%2Fcomments&post=73"}],"version-history":[{"count":13,"href":"https:\/\/zupnija-radece.rkc.si\/index.php?rest_route=\/wp\/v2\/pages\/73\/revisions"}],"predecessor-version":[{"id":4854,"href":"https:\/\/zupnija-radece.rkc.si\/index.php?rest_route=\/wp\/v2\/pages\/73\/revisions\/4854"}],"wp:attachment":[{"href":"https:\/\/zupnija-radece.rkc.si\/index.php?rest_route=%2Fwp%2Fv2%2Fmedia&parent=73"}],"curies":[{"name":"wp","href":"https:\/\/api.w.org\/{rel}","templated":true}]}}